**4/24 + i**3/6 + 1920*i**2. Let n = 6 - 3. Let p be 6/(-9) + (-4)/n. Calculate g(p).
3
Suppose -3 = 2*u + u. Suppose 2*p - 5*p = 2*l - 56, 4*p + 4*l - 68 = 0. Let n(s) = 5*s**2 - 3*s**2 - 4*s**2 + 21 - 2*s - 5*s**3 - p. Give n(u).
4
Let q(n) = -n**3 - 7*n**2 + 33*n + 23. Suppose 25*f - 345 = 89*f + 295. Give q(f).
-7
Let r(i) = 14*i + 3. Suppose 5*n - 1 = 4*j, 0 = -139*n + 143*n + 4*j - 8. Give r(n).
17
Let f(s) = -s**3 - 14*s**2 - 16*s + 15. Suppose 2482*a = 2476*a - 78. Determine f(a).
54
Let o(w) be the third derivative of w**6/60 - w**5/15 + w**4/6 - w**3/2 - 9*w**2. Let v(z) = -z**2 - 9*z + 54. Let b be v(-13). Give o(b).
5
Let g(k) = 5*k + 92. Let x(c) = 4*c + 74. Let s(l) = -9*g(l) + 11*x(l). Give s(-2).
-12
Let c(w) = -10*w - 28. Let y(x) = -9*x - 18. Let j(s) = -2*c(s) + 3*y(s). Suppose 4*i + 3*t = -17, 4*i + 1 = -t - 10. Calculate j(i).
16
Let a(z) = -z**3 - 3*z - 2. Let c be 326/1793*(-22)/4. What is a(c)?
2
Let t(m) = 2*m + 1. Let c(x) = 7*x - 16. Let w(u) = c(u) - 5*t(u). Give w(0).
-21
Let z(d) be the third derivative of -d**6/120 - 7*d**5/60 - d**4/8 - d**3/2 - d**2. Let y be 6/(-15)*51065/2918. Calculate z(y).
18
Let w(k) = 9*k**3 - 3*k**2 - 23*k - 5. Let n(x) = 29*x**3 - 9*x**2 - 74*x - 17. Let u(a) = 4*n(a) - 13*w(a). Calculate u(4).
-7
Let y(c) = -165 + 439 + 3*c - 172 - 145. Determine y(14).
-1
Let f(a) = 12*a - 11 + 18 - 5 - 3. Let o(y) = y. Let h(t) = f(t) - 6*o(t). Suppose 4 = i + 3*i. Determine h(i).
5
Let l(g) = 5*g**2 + 3*g - 1. Let i(d) = d**2 + 1. Suppose -6 = -8*k + 2*k. Let t(m) = k*l(m) - 4*i(m). Let h(z) be the first derivative of t(z). What is h(-2)?
-1
Let x = 9671 - 9652. Let r = 3 - 1. Let a(g) = 48*g - g**r + 1 - x*g - 28*g. Calculate a(1).
1
Let l be (-99)/(-132)*(-16)/(-6). Let q(w) = 5*w - l*w - 2 + w**2 - 7*w - 5*w. Determine q(7).
-16
Let a(r) = 20*r + 448. Let h be a(-22). Let d(c) = 2*c - 17. Determine d(h).
-1
Let n(w) = 8*w + 27. Let q(g) = -31*g - 121. Let l(c) = -9*n(c) - 2*q(c). Determine l(1).
-11
Let u be -6*1/15 + 134/10. Let g(w) = -2*w + 32. Let k be g(u). Let d(v) be the first derivative of -v**2/2 + 8*v + 1. Determine d(k).
2
Let b(j) = -3*j + 39. Let k be b(11). Let m(r) = -k*r - r + 15*r. What is m(1)?
8
Let l(i) = -31659 - 152*i + 145*i + 31496. Determine l(-21).
-16
Suppose -u - 4 = y, -2*u + y + 10 = 3*u. Let p(a) = a + 9 - u - 5*a - 10. Determine p(3).
-14
Suppose -9 = 3*i, -d + 3*i - 6*i - 1 = 0. Suppose 82*p - 132 = 49*p. Suppose -p*x + d*x = -12. Let r(w) = -w**2 - 4*w - 3. What is r(x)?
0
Let j be ((-1)/2 - 3/(-6)) + -1. Let c(y) = y**2 - y + 15. Let l(r) = -r + 2. Let s(w) = j*l(w) - c(w). What is s(0)?
-17
Let v(t) = -328*t + 2. Let m(i) = -144*i + 1. Let j(n) = -9*m(n) + 4*v(n). Calculate j(2).
-33
Let z be 38 + 4*(3 - 4). Let g(c) = -z - 36 - c - 33 + 106. What is g(6)?
-3
Let s(k) = k**2 - 25*k - 42. Let q = 10614 - 10588. Give s(q).
-16
Suppose -4*i - 5*f - 25 = 0, -16*f = -i - 13*f + 15. Let a(g) = 1 + i*g - g + g**2 - 960*g**3 - g + 961*g**3. Give a(1).
1
Let a(v) = v**2 + v + 8. Let t(x) = -x**3 + 11*x**2 - 11*x + 10. Let l be t(10). Suppose 16 = -5*d - 34. Let u be (l*5/d)/(-1*2). Give a(u).
8
Let y be 4/(-6)*(-18 - -16)*(-6)/(-4). Let b(c) = 5*c**2 + 3. Determine b(y).
23
Suppose 0 = -275*h - 3099 - 751. Let f(z) = -z**2 - 12*z + 4. Determine f(h).
-24
Let c(d) = -3*d - 3. Suppose -145 = 54*b - 25*b. Let r be (-170)/(-55) - b/(-55). Calculate c(r).
-12
Let d(p) = 5*p + p**2 - 124 + 123 - 6*p. Let o(k) be the first derivative of -5*k**3/3 - 2*k**2 + 3*k + 6. Let i(b) = -4*d(b) - o(b). What is i(-9)?
10
Let h(j) be the second derivative of -1 - 7/2*j**2 - 5*j - 11/3*j**3 - 1/6*j**4. Give h(-11).
-7
Let a(w) = 53*w**2 + 102*w - 3. Let d be a(-2). Let v(x) = -x**3 - x**2 + 4*x - 1. Give v(d).
-131
Let g(h) be the third derivative of h**6/60 - 13*h**5/30 - 13*h**4/12 - 13*h**3/6 + 1205*h**2. What is g(14)?
15
Suppose 200 = -15*y + 20*y. Let b = y + -34. Let j(d) be the second derivative of -d**3/2 + d**2/2 - 8*d. Calculate j(b).
-17
Let f = 115 - -176. Let r = 292 - f. Let m(v) = 7*v**3 + 2*v**2 - 2*v + 1. Calculate m(r).
8
Let s(b) be the second derivative of 1/2*b**3 - 14 + 0*b**2 - b. What is s(1)?
3
Let d be (-4 + 3)*216/(-108). Let k(u) be the second derivative of 3/2*u**3 + 1/2*u**2 + 0 + 1/12*u**4 - d*u. Determine k(-5).
-19
Let w(d) = 29*d - 3. Let h(x) = 10*x - 1. Let m(k) = -17*h(k) + 6*w(k). Let p be (-7 - -3 - -1)/((-12)/32). Let u be 65/(-15) - p/(-6). What is m(u)?
-13
Let v(i) be the third derivative of -2*i**2 - 1/6*i**4 + 0 + 30*i + 1/2*i**3. What is v(3)?
-9
Let x(y) = 54*y**2 + 27 + 67*y + 0*y**3 + y**3 - 6*y**3 - 17*y - 57. Let c(o) = -3*o**3 + 28*o**2 + 26*o - 15. Let v(h) = 7*c(h) - 4*x(h). What is v(-19)?
-4
Let a(b) be the second derivative of b**5/60 + 3*b**4/8 + 5*b**3/6 - 71*b**2/2 + b - 1. Let c(f) be the first derivative of a(f). Give c(-6).
-13
Let b(z) be the third derivative of -z**6/720 + 11*z**5/120 - 11*z**4/12 + 41*z**2. Let f(n) be the second derivative of b(n). Give f(11).
0
Let f be 32/56 + 20/14. Let t(q) = -5 + q - q**f + 4 - 3. What is t(3)?
-10
Let l(g) = 11*g - 390. Suppose -124*q = -143*q + 583 + 82. What is l(q)?
-5
Let h(x) = 2*x**3 - 2*x**2 - 3*x - 4. Let q(y) = 103*y + 813. Let k be q(-8). Suppose -3*j + 0*j + 42 = 0. Let i = k + j. Determine h(i).
23
Suppose -4*g = 6*b - 9*b - 64, 3*b + 12 = 0. Let a(r) = -r**2 + 14*r - 4. Calculate a(g).
9
Let l(p) = 2*p**2 - 11*p - 6. Let q(b) = -2*b**3 + 45*b**2 - 64*b + 26. Let z be q(21). Determine l(z).
-11
Let w(o) = 2*o**3 - 10*o**2 - 3*o + 12. Let u be (-5 + 4)/(16/(-80)). Give w(u).
-3
Let q(u) = -2*u**2 - u - 11. Let f = 5548 + -5548. Determine q(f).
-11
Let z(w) = -w**3 - 9*w**2 - 7*w + 9. Let d be 16/(-64) - 31/4. Give z(d).
1
Let o(u) = 3*u**2 + u**2 - 43*u**3 - 1 + 25*u**3 + u + 20*u**3 - 7*u**2. Let d(v) = v**2 + v. Let t be d(-2). Give o(t).
5
Let f(g) be the third derivative of -2*g**5/15 + 103*g**4/24 - 103*g**3/6 + 2576*g**2 - g. Determine f(1).
-8
Let d(i) = -3*i**2 - 18*i - 2. Let c(a) = 7*a**2 + 39*a + 3. Suppose 0 = -12*r + 247 - 139. Let j(t) = r*d(t) + 4*c(t). What is j(6)?
-6
Suppose z + 49*h + 4 = 54*h, -2 = -z + 2*h. Let l(f) = -f**3 + 4*f**2 + 10*f + 8. Give l(z).
-4
Let q be 36 - (2/(-2) - -1). Let r(u) = -84*u + 3. Let i be r(0). Suppose m = -i*m + 4*o + q, -4*m + 5*o + 41 = 0. Let s(y) = y - 5. Calculate s(m).
-1
Suppose -7*u = 82 - 89. Let a be (6 + -3)*(u + 2). Let m(g) be the first derivative of -g**3/3 + 9*g**2/2 - 3*g - 11. Determine m(a).
-3
Let a(o) = 138*o + 16 - 58 + 20 - 137*o + 16. What is a(12)?
6
Let x be (-3)/2*((-250)/(-15))/(-5). Let b(o) = o**3 - 6*o**2 + 6*o - 2. Let n be b(x). Let v(l) = -l**2 + 6 + 2*l - 5 + n - 1. Calculate v(-2).
-5
Let x(s) = 30*s - 5. Let f(g) = -25*g + 7. Let y(i) = -5*f(i) - 4*x(i). Determine y(4).
5
Let z(h) = h**2 + 6*h - 2. Suppose -2*j - o - 55 = -186, -70 = -j + o. Let b = j - 78. Let r(y) = 2*y + 16. Let k be r(b). What is z(k)?
-2
Let t(k) be the second derivative of -k**4/6 - 9*k**3/2 - 13*k**2/2 + 9367*k. What is t(-11)?
42
Let h(t) = -9*t + 3. Let f = -203 - -200. Let b(v) = 3*v - 2. Let d(g) = f*h(g) - 5*b(g). Calculate d(1).
13
Let q(f) be the third derivative of -f**5/30 - 17*f**4/12 + f**3 + 19*f**2 + 4*f - 1. Calculate q(-18).
-30
Let z(x) = x**2 + 5*x + 10. Let s be z(-7). Let o = -22 + s. Let u(f) = -f**3 + 4 + 5*f**o + f - 11*f**2 - 5. Calculate u(-6).
-7
Suppose 2*w + 15 = -4*g + 9, 2*w - 6 = 0. Let h be -2 - (g + (-4 - -6)). Let k(s) = 7*s - 1. Determine k(h).
-8
Let h be 4 + 4/12*9. Suppose 2*n - h*n = 20. Let i(a) be the third derivative of -a**5/60 - 7*a**4/24 - a**3 - 238*a**2. Give i(n).
6
Let k(g) = -13*g**2 - 16787*g + 4 + 30*g**2 + 16790*g. Calculate k(-1).
18
Let x(s) = s**3 + 9*s**2 - 52*s + 1. Let z = 8025 - 8021. Give x(z).
1
Let s = 24 + -21. Suppose -s*t + 3*v - 12 = 0, 0*v + 15 = -3*t + 4*v. Let q(f) = 3*f - 1 - f**2 + 3*f**3 - 5*f - 2*f**3. Calculate q(t).
-1
Let j(g) be the second derivative of g**5/20 - 17*g**4/12 + 3*g**3 - g**2 + 347*g + 4. Calculate j(16).
30
Let j(x) = x**3 + 29*x**2 + 28*x + 16. Let t = -5012 + 4984. What is j(t)?
16
Suppose -u + 67 = 65. Let x(n) = -n**2 - 11*n + 17. Let w be x(-12). Let j(t) = 7 - w*t**2 + 22*t**u - 9*t**2 - 7*t**2 + 6*t. Determine 